3971268?
True
Is 134841268 a multiple of 410?
False
Is 159 a factor of 58538235?
True
Does 15 divide 179651310?
True
Is 2563779062 a multiple of 26?
True
Does 1126 divide 449996720?
False
Does 2445 divide 235184550?
True
Is 15063793 a multiple of 20?
False
Is 86 a factor of 823170500?
True
Is 5826756 a multiple of 3?
True
Is 8 a factor of 635003271?
False
Is 173097342 a multiple of 2932?
False
Is 156 a factor of 1100137896?
True
Is 628 a factor of 220844364?
True
Does 38 divide 2280786904?
True
Does 1118 divide 20282756?
True
Is 23 a factor of 5774915?
False
Is 28066768 a multiple of 29?
False
Does 812 divide 20933870?
False
Is 4 a factor of 6958789?
False
Is 33 a factor of 313302?
True
Is 703411020 a multiple of 970?
True
Does 1608 divide 634730664?
True
Is 75 a factor of 351912000?
True
Is 806 a factor of 600470?
True
Does 750 divide 3341602481?
False
Is 235604020 a multiple of 20?
True
Is 25405440 a multiple of 7?
False
Is 16347861 a multiple of 33?
False
Is 3666253785 a multiple of 15?
True
Does 10 divide 283234400?
True
Is 16499971 a multiple of 5?
False
Is 8944561 a multiple of 7?
False
Is 1883611989 a multiple of 1323?
True
Is 882774893 a multiple of 143?
True
Is 68538676 a multiple of 524?
True
Is 15 a factor of 214964636?
False
Does 1180 divide 29821199?
False
Does 17 divide 38729438?
False
Does 377 divide 83509270?
True
Is 825996701 a multiple of 5617?
True
Is 40 a factor of 43897600?
True
Does 51 divide 73848?
True
Does 1713 divide 21931539?
True
Is 1542 a factor of 9518766?
True
Is 237 a factor of 787860048?
True
Does 2166 divide 329543770?
False
Is 181 a factor of 551705924?
False
Does 10 divide 17786305?
False
Does 797 divide 2456486939?
False
Is 244 a factor of 194776416?
True
Is 14608501 a multiple of 38?
False
Is 320246573 a multiple of 541?
True
Does 35 divide 6986420?
True
Does 5085 divide 344449036?
False
Does 33 divide 3491777831?
False
Is 8578187 a multiple of 13?
False
Is 13340345 a multiple of 23?
True
Is 1195 a factor of 36450848?
False
Is 821 a factor of 96275067?
False
Is 1671162846 a multiple of 14?
False
Is 4720 a factor of 7880106054?
False
Is 1316061745 a multiple of 5901?
False
Is 2 a factor of 866493?
False
Does 185 divide 522719087?
False
Is 2819844 a multiple of 1044?
True
Is 4989559 a multiple of 13?
False
Is 6 a factor of 136033753?
False
Is 177369324 a multiple of 129?
True
Does 49 divide 59918572?
True
Is 1322 a factor of 466836538?
True
Is 203326425 a multiple of 1002?
False
Is 40069081 a multiple of 19?
True
Is 3053292 a multiple of 14?
False
Is 26 a factor of 16177876?
True
Is 640 a factor of 845319633?
False
Is 18236206 a multiple of 45?
False
Is 1324 a factor of 16735500?
False
Is 21 a factor of 167182094?
False
Is 19 a factor of 81987147?
True
Does 69 divide 173110819?
False
Is 1627654824 a multiple of 336?
False
Is 509 a factor of 85101042?
False
Is 452 a factor of 542339798?
False
Is 2 a factor of 111405134?
True
Does 70 divide 40226445?
False
Is 492580008 a multiple of 7?
False
Does 1896 divide 59424314?
False
Does 47 divide 944319911?
True
Is 3 a factor of 1398933?
True
Does 574 divide 102477368?
True
Is 25 a factor of 202062393?
False
Is 25 a factor of 3067103?
False
Is 87968688 a multiple of 48?
True
Does 38 divide 1940510736?
True
Is 2761 a factor of 70491091?
True
Is 4 a factor of 47832128?
True
Is 92116949 a multiple of 66?
False
Is 105605014 a multiple of 69?
False
Is 86 a factor of 3593166?
True
Does 260 divide 194533093?
False
Is 59281047 a multiple of 21?
True
Does 26 divide 12590536?
False
Does 117 divide 111734390?
False
Does 19 divide 1174052?
False
Is 2395566808 a multiple of 439?
True
Is 9668631 a multiple of 1580?
False
Is 114 a factor of 538164930?
True
Is 15 a factor of 3262255185?
True
Is 501229263 a multiple of 1905?
False
Does 95 divide 122715108?
False
Is 47 a factor of 124151694?
False
Is 2093 a factor of 1397646659?
False
Does 737 divide 37018773?
True
Does 840 divide 59657640?
True
Is 12786276 a multiple of 6?
True
Does 96 divide 36197364?
False
Is 3962884896 a multiple of 12?
True
Does 42 divide 989940528?
False
Does 334 divide 7310258?
True
Is 117 a factor of 579723755?
False
Is 388041502 a multiple of 97?
False
Is 79849237 a multiple of 559?
True
Does 24 divide 434651983?
False
Is 53141067 a multiple of 2751?
True
Does 8 divide 117026696?
True
Is 240579147 a multiple of 68?
False
Is 573844315 a multiple of 30?
False
Is 10 a factor of 101231950?
True
Is 425974848 a multiple of 1768?
True
Does 39 divide 557296054?
False
Is 91 a factor of 508506235?
False
Does 121 divide 7586561?
False
Is 89832446 a multiple of 14?
False
Does 434 divide 159080161?
False
Does 410 divide 617788535?
False
Is 609 a factor of 302092171?
False
Is 8947216 a multiple of 16?
True
Is 200 a factor of 199673600?
True
Is 22 a factor of 245700269?
False
Is 4455 a factor of 94534806?
False
Does 28 divide 346407842?
False
Is 280 a factor of 32794720?
True
Is 9 a factor of 396810478?
False
Is 872 a factor of 284485640?
True
Is 2188 a factor of 35542066?
False
Is 598 a factor of 39069134?
True
Is 47790458 a multiple of 78?
False
Does 44 divide 838460110?
False
Is 203185114 a multiple of 431?
False
Is 4622155986 a multiple of 9579?
False
Does 346 divide 32127138?
True
Is 1298771 a multiple of 215?
False
Is 6352335444 a multiple of 78?
True
Is 1758387467 a multiple of 3057?
False
Does 1230 divide 354701250?
True
Is 118 a factor of 58190402?
True
Is 59519634 a multiple of 56?
False
Is 3168 a factor of 47973024?
True
Is 36422338 a multiple of 1993?
False
Does 238 divide 411782511?
False
Is 8 a factor of 40692622?
False
Is 9 a factor of 2907164664?
True
Is 175400004 a multiple of 1131?
True
Is 1757536730 a multiple of 1630?
False
Does 15 divide 14969590?
False
Does 540 divide 2591737562?
False
Does 10 divide 38439660?
True
Is 64 a factor of 137483712?
True
Is 267348097 a multiple of 4?
False
Is 485589265 a multiple of 245?
True
Is 134527586 a multiple of 11?
False
Is 38 a factor of 205619533?
False
Does 34 divide 16862997?
False
Is 18 a factor of 374470805?
False
Does 821 divide 231371683?
False
Does 270 divide 215352592?
False
Does 346 divide 230561944?
True
Is 26036466 a multiple of 54?
False
Is 268 a factor of 590856765?
False
Does 1275 divide 23074950?
True
Is 699 a factor of 7791372?
False
Is 8 a factor of 1338765477?
False
Is 1303723496 a multiple of 3203?
True
Does 1187 divide 17834675?
True
Is 7 a factor of 43847895?
True
Does 4898 divide 426375798?
True
Does 967 divide 784956448?
True
Is 520 a factor of 811907720?
True
Is 812939142 a multiple of 1125?
False
Is 1450496848 a multiple of 34?
True
Is 28 a factor of 408598258?
False
Does 97 divide 40778509?
True
Is 120 a factor of 18872160?
True
Is 396729006 a multiple of 114?
True
Does 38 divide 793179706?
False
Is 173 a factor of 513988043?
False
Does 11 divide 65110520?
False
Does 21 divide 331845150?
True
Is 23 a factor of 98794324?
False
Is 59754356 a multiple of 3?
False
Is 429 a factor of 50412219?
True
Is 465 a factor of 6664483?
False
Does 22 divide 22822756?
True
Does 128 divide 1522906624?
True
Is 27 a factor of 671036?
False
Does 334 divide 464959396?
True
Is 175582331 a multiple of 4364?
False
Is 960 a factor of 18066730?
False
Is 240 a factor of 131140508?
False
Is 78515264 a multiple of 32?
True
Is 5262 a factor of 1732324068?
True
Does 134 divide 16085532?
False
Does 168 divide 1682439?
False
Does 444 divide 373746768?
True
Is 11990598 a multiple of 1146?
True
Does 1769 divide 52512765?
True
Is 23 a factor of 276325335?
True
Is 178 a factor of 26584069?
False
Is 140 a factor of 141922636?
False
Does 1273 divide 78832955?
False
Is 733 a factor of 67816854?
False
Does 49 divide 908680178?
False
Is 5316438 a multiple of 186?
True
Is 365412600 a multiple of 10584?
True
Is 2753574 a multiple of 651?
False
Is 8 a factor of 38650376?
True
Is 28145695 a multiple of 2?
False
Is 512130514 a multiple of 1986?
False
Is 2046 a factor of 48889530?
False
Does 1004 divide 73079415?
False
Does 5 divide 272324520?
True
Is 1714734500 a multiple of 180?
False
Is 12 a factor of 112364148?
True
Is 1050106237 a multiple of 1887?
False
Does 23 divide 252572894?
False
Does 8 divide 538849104?
True
Does 15 divide 55704240?
True
Is 52491975 a multiple of 2433?
Tr